 is f(y)?
-8
Let k be (-20)/(-120) + (-1)/6. Suppose 4*s + 4*o - 10 = -2, s - 2*o - 2 = k. Let g(n) = 7 - 13*n + s*n**2 + 17*n - n**3 + 2*n**2. Calculate g(5).
2
Let c(u) = -5*u**2 - 2*u + 10. Let a(i) = -6*i**2 - i + 11. Suppose 0 = 3*g - 6*g - 2*j - 20, -4*g + 2*j - 22 = 0. Let l(h) = g*a(h) + 7*c(h). Give l(7).
-3
Let u(y) = -y + 1. Suppose -5*h = -10*h + 10, 2*v + h = -8. Determine u(v).
6
Let x(w) = -w**2 + w - 1. Suppose 13*q + 15 = -11. Determine x(q).
-7
Let q(d) = -5*d**3 - 10*d**2 - 16*d - 1. Let n(m) = -14*m**3 - 30*m**2 - 46*m. Let t(h) = -4*n(h) + 11*q(h). Give t(-9).
-2
Let t = -31 + 31. Suppose -4*x = -2*i + 26, -i + 17 = -t*x - 3*x. Let c(f) = f**3 - 5*f**2 + 4. Give c(i).
4
Let b be -3 + -12 + 6 + 6. Let d(h) = -h**2 - 3*h - 4. What is d(b)?
-4
Let m(w) be the first derivative of -w**2 - 3*w + 3. Suppose 4*x - 22 + 10 = 0. Give m(x).
-9
Let n(d) be the third derivative of -d**6/120 + d**5/12 + 3*d**4/8 + 5*d**3/6 + 86*d**2. What is n(7)?
-30
Suppose -12*t + 95 = 7*t. Let p(z) = 5 + t*z - 3 - z. Give p(-2).
-6
Let m = 9 + -7. Let t(q) = 3*q**3 - q + 5*q**2 + 0*q**3 + 5 - m*q**3. Let s = -148 + 143. Calculate t(s).
10
Let f(m) = -4*m**3 - 2*m**2 + 5*m + 1 - m + 3*m**3. Let l(n) = 4*n**3 + 4*n + 5. Let b be l(-1). What is f(b)?
-2
Let s(c) = c**3 - 8*c**2 - 5. Let b(l) = l**2 - 2 - 4 + 2*l + 6. Let j be b(-4). Let o be s(j). Let m(v) = v**3 + 6*v**2 + 3*v - 5. Calculate m(o).
5
Suppose -33*l + 29*l = -8. Let n(q) = -422 + 206 - 10*q + q**l + 214. What is n(10)?
-2
Let l(k) be the second derivative of k**6/360 + 7*k**5/120 - 7*k**4/24 - 5*k**3/6 + 16*k. Let u(r) be the second derivative of l(r). Give u(-7).
-7
Let o(i) be the third derivative of -i**5/60 - 2*i**4/3 - 10*i**3/3 + 4*i**2 + 60. What is o(-15)?
-5
Suppose 33 = 2*v + 9*v. Let i(t) = 3*t - 17. Let g(z) = z - 6. Let r(m) = -8*g(m) + 3*i(m). Give r(v).
0
Let f(m) be the second derivative of m**5/20 - 3*m**4/4 - 11*m**3/6 - 4*m**2 + 362*m. Give f(10).
-18
Let w(y) = -y**2 + 6*y - 2. Suppose 0 = 2*x - 9 - 1. Suppose x*o - 2 = 13. Suppose 0 = j - o. Give w(j).
7
Let k(f) be the third derivative of f**5/60 - f**4/24 + 7*f**3/6 + 10*f**2 + 4. Give k(0).
7
Let n = 12 + -52. Let t = -47 - n. Let i(k) = k + 3. What is i(t)?
-4
Let b(z) be the first derivative of -3*z - 1 - 1/4*z**4 - 3/2*z**2 + 2*z**3. Let q be (69/46)/(2 + (-17)/10). Give b(q).
7
Let s(m) = 8*m. Let o(r) = r**3 - 22*r**2 + 1. Let h be o(22). Determine s(h).
8
Let n(c) = -3*c + c + 0*c + 6 + 3*c. Let u be (-1)/2*(-9 + -3). What is n(u)?
12
Let f(n) be the second derivative of 0 - n + 0*n**2 + 1/3*n**3. Let k(c) = 16*c - 1166. Let g be k(73). Calculate f(g).
4
Let y(i) = 16 + 11 - 44 + 19 - 2*i. Calculate y(8).
-14
Let v(f) = -1. Let g(i) = -i + 1. Let p(a) = -g(a) + 2*v(a). Let n be p(4). Let c be (0 - n)/((-8)/56). Let u(r) = r - 13. Calculate u(c).
-6
Let s(l) = -l**2 - 6*l + 6. Let w be (2 - 0)/((-15)/30). Let a(h) = h**3 + 5*h**2 + 7*h + 6. Let q be a(w). Determine s(q).
6
Let t(k) = -k**2 + 7*k + 11. Let o be t(8). Let i = -1 + o. Let b(m) = 4*m + 262 + 2*m - 3*m**2 - 264 - 3*m. Calculate b(i).
-8
Let z(r) = 7*r**3 + 10*r**2 + 3. Let p(u) = -u**3 - u**2. Let d(o) = 6*p(o) + z(o). Suppose 12 = -5*m - 8. Calculate d(m).
3
Suppose 4*j = -j + 4*l + 30, 5*j - 5*l = 35. Let q be j/7 + 208/56. Suppose 4*d + 0*d = -4, 0 = -q*a - 4*d + 8. Let v(i) = i - 5. Give v(a).
-2
Let m(p) = -p + 3. Let j(l) = -l**2 + 21. Let q(u) = -2*u**2 - u + 41. Let y(w) = 5*j(w) - 3*q(w). Let g be y(-6). Give m(g).
3
Let w = -3 + 5. Let l(c) = -2*c**3 + 7*c**2 - 4*c + 3. Let t(v) = 4*v**3 - 15*v**2 + 9*v - 7. Let u(y) = 9*l(y) + 4*t(y). Calculate u(w).
-5
Suppose 10*j + 1 = 11. Let h(z) = 5*z**3 - 2*z**2 - 4*z + 4. Let r(u) = u**3 - u**2 - u + 1. Let g(c) = j*h(c) - 6*r(c). What is g(4)?
6
Suppose 23*h - 21*h = -6. Let w(b) = -4*b - 6. Let q(l) = -4*l + 5 - 6 - 6. Let t(o) = 4*q(o) - 5*w(o). What is t(h)?
-10
Let n(q) be the third derivative of 0*q + 0 - 1/12*q**4 - 5/6*q**3 + 27*q**2. Calculate n(-6).
7
Let r be ((-2)/(-6))/((-147)/(-36) + -4). Let l(c) = 3*c**2 - 25 - c - r*c**2 + 64 - 34. Give l(-4).
-7
Let u(s) be the first derivative of -s**2 + 10*s - 208. Determine u(11).
-12
Let g(n) be the second derivative of -1/3*n**3 + 1/3*n**4 - n**2 + 4*n + 0. Let a(f) = -f**2 + f + 1. Let u(w) = -5*a(w) - g(w). Determine u(-2).
7
Let p = 1911 + -1920. Let h(w) = w**3 + 8*w**2 - 14*w - 5. Calculate h(p).
40
Let v be (-3)/(-9) - (-10)/6. Let x(t) = -2 + 8*t + v*t**2 - 1 - 3*t. Suppose 4*o + 16 = 46*b - 47*b, -4*o = 12. What is x(b)?
9
Let v(j) = -3*j - 9. Let u be ((-288)/(-168))/(3/(-14)). Determine v(u).
15
Suppose 4*m - 46 = 2*f, -f + 11 = m - 2. Let v be 3/m - 22/(-8). Let d(c) = 9 + c**2 + 3*c + v*c + 0*c + 2*c. What is d(-6)?
-3
Let p be 2 + (0 - 1) + 0. Let a(m) = -m**3 - 6*m**2 - 2*m - 9. Let w be a(-6). Let s(c) = 13*c**2 - 6*c**2 - w*c + 2*c + c**2. Determine s(p).
7
Let z(f) = -2*f**2 - f + 2. Suppose -3*i - 3 = -3*o, -2*o - 4 = 2*o. What is z(i)?
-4
Let d(z) = 859*z**2 - 858*z**2 - 5 - z + 0*z - 4*z. What is d(-4)?
31
Let o(c) = -3 + 3*c**3 - 5*c**3 + 3*c**3 + 6*c + 7*c**2. Suppose -3*z - 3*j + j = -31, -4*j - 42 = -2*z. Suppose 2*x = 10, 3*k - k = -5*x + z. Determine o(k).
-3
Let c(y) be the first derivative of -y**2 - y - 36. Give c(5).
-11
Suppose 7*g = 2*g + 90. Let t be (-50)/g - 2/9. Let v(l) = -2*l**2 - 4*l - 2. Determine v(t).
-8
Let j = -72 + 71. Let h(q) = -9*q. Give h(j).
9
Suppose 3*d - 2*d = 12. Suppose -y - 6 - d = -4*m, -16 = 2*y - 4*m. Let q(v) = 5*v - v**2 + 0*v - y*v - v - 1. Calculate q(1).
0
Let s be -4 - (-200)/12 - (-1)/3. Let d(t) = -20 - t + s*t**2 + 33 - 12. What is d(1)?
13
Let h(o) be the first derivative of -o**4/4 - 4*o**3/3 - 3*o**2/2 - 2*o - 70. Let t = 5 - 8. Give h(t).
-2
Let l(y) be the second derivative of -y**6/120 + y**5/60 - y**4/8 + y**3/2 - 7*y**2 - 15*y. Let h(x) be the first derivative of l(x). What is h(2)?
-7
Let o(f) = -45 - 139*f**2 + 6 + 138*f**2. What is o(0)?
-39
Let r be 20/(-10)*(0 + 0 + 1). Let n be (5/15)/(r/(-6)). Let o(v) = -8*v**3 - v**2 + 1. What is o(n)?
-8
Let a(x) be the third derivative of -x**5/12 - x**4/6 + x**3/3 + x**2 - 145*x. Give a(-2).
-10
Let s(m) = -m**3 - m**2 - 6. Suppose 6*o - 122 = 58. Let c = o + -30. Determine s(c).
-6
Suppose -3*m + h = -17, 3*m - 5*h = -10*h + 23. Let u(y) = -2*y + 3. Give u(m).
-9
Let v(n) be the first derivative of 3*n**2 - 3*n + 69. Let w = -6 + 6. Suppose 0 = 5*g + 2*z - 3 - 5, 3*z + 3 = w. Calculate v(g).
9
Let t(v) = -6*v**2 + 14*v - 72. Let q(j) = -j**2 + 3*j - 14. Let z(n) = -11*q(n) + 2*t(n). Calculate z(-7).
-4
Let l(u) = 7*u**2 - 5*u - 3. Let f(j) = -j**2. Let t be ((20/(-3))/4)/(105/(-378)). Let r(v) = t*f(v) + l(v). Determine r(4).
-7
Let m = -894 - -897. Let o(y) be the second derivative of m*y**2 + 0 + 1/2*y**3 - 7*y - 1/12*y**4. What is o(5)?
-4
Suppose -153 = -2*f - f. Let s be (-6)/f + 64/(-34). Let l(z) = 3*z + 6. Let t be l(s). Let q(c) = -c**3 - c + 6. Determine q(t).
6
Let i(p) be the second derivative of 3*p**3/2 - p. Let a be (-30)/(-4 - 1)*(-6)/36. Determine i(a).
-9
Let n(r) = -r**3 - 8*r**2 - 3. Let l be n(-8). Suppose 0 = -q + 4*q + 21. Let x = l - q. Let i(p) = p - 2. Give i(x).
2
Let a(n) = 18*n - 6. Let g(f) = -11*f + 3. Let j(b) = -6*a(b) - 10*g(b). Determine j(7).
20
Let l(z) = 31 + 0*z - z**3 - 30 + 2*z + 2*z**3. Determine l(-1).
-2
Let f be 2/5 - ((-252)/70 + -2). Let n(x) be the first derivative of -x**2 - 2*x + 2. Calculate n(f).
-14
Let s(y) = -y**2 - 3*y - 5. Let z be (-146)/30 + (-6 - 352/(-60)). What is s(z)?
-15
Let k be 64/(-4)*3/(-12)*2. Let a be -7 + k - 1/1. Let y(i) = -i**2 - i - 11. Calculate y(a).
-11
Let v(p) = -p**3 - 3*p**2 - p - 3. Let d be v(-3). Let b(q) = q**2 + 249 - 502 - q + 251. Calculate b(d).
-2
Let q(l) = -l**2 - l - 1. Let y be 2/(-8) - 6/(-24). Let z be y/(-2 + 2 - 1). What is q(z)?
-1
Let z be (4*12/8)/3. Let j(d) = -1 - 2*d + 2*d - z*d - 2. Give j(-2).
1
Let f(g) = 0 - 3 + 0*g - 5 + 4 + 3*g. What is f(5)?
11
Let s(f) = f**2 - 18*f + 6. Let k be s(18). Suppose -k*p + p = -20. Let n(q) = -q**3 + 5*q**2 - 2*q + 2. Calculate n(p).
10
Let q(m) = -7*m**2 - 7*m - 9. Let i(g) = -13*g**2 - 15*g - 17. Let y(l) = -6*i(l) + 11*q(l). What is y(-9)?
-33
Let n(p) = -5*p - 2. Let f(